Dec 01 04:35:47.305 INFO testing romainbellande/rust-jsonapi-poc against master#8940af3cea4a9a9deabcaf843b2f8cad9a83fc61 for beta-1.31-5
Dec 01 04:35:47.305 INFO running `"docker" "create" "-v" "/mnt/big/crater/work/local/target-dirs/beta-1.31-5/worker-0/master#8940af3cea4a9a9deabcaf843b2f8cad9a83fc61:/target:rw,Z" "-v" "/mnt/big/crater/work/local/test-source/worker-0/beta-1.31-5/master#8940af3cea4a9a9deabcaf843b2f8cad9a83fc61:/source:ro,Z" "-v" "/mnt/big/crater/work/local/cargo-home:/cargo-home:ro,Z" "-v" "/mnt/big/crater/work/local/rustup-home:/rustup-home:ro,Z" "-e" "USER_ID=1000" "-e" "SOURCE_DIR=/source" "-e" "USER_ID=1000" "-e" "CMD=cargo +8940af3cea4a9a9deabcaf843b2f8cad9a83fc61-alt build --frozen" "-e" "CARGO_TARGET_DIR=/target" "-e" "CARGO_INCREMENTAL=0" "-e" "RUST_BACKTRACE=full" "-e" "RUSTFLAGS=--cap-lints=warn" "-e" "CARGO_HOME=/cargo-home" "-e" "RUSTUP_HOME=/rustup-home" "-m" "1536M" "--network" "none" "crater"`
Dec 01 04:35:47.771 INFO [stdout] 3386ba2efd6c39ec79db41e5ecc188520b5f7eac8d117f5b0f7be50df5938380
Dec 01 04:35:47.777 INFO running `"docker" "start" "-a" "3386ba2efd6c39ec79db41e5ecc188520b5f7eac8d117f5b0f7be50df5938380"`
Dec 01 04:35:49.344 INFO [stderr] usermod: no changes
Dec 01 04:35:49.687 INFO [stderr]    Compiling serde v1.0.80
Dec 01 04:35:49.739 INFO [stderr]    Compiling crossbeam-utils v0.2.2
Dec 01 04:35:49.747 INFO [stderr]    Compiling isatty v0.1.9
Dec 01 04:35:49.752 INFO [stderr]    Compiling log v0.3.9
Dec 01 04:35:49.752 INFO [stderr]    Compiling pear_codegen v0.0.20
Dec 01 04:35:49.752 INFO [stderr]    Compiling rocket v0.3.17
Dec 01 04:35:49.752 INFO [stderr]    Compiling rocket_codegen v0.3.17
Dec 01 04:35:49.755 INFO [stderr]    Compiling syn v0.11.11
Dec 01 04:35:50.507 INFO [stderr] error: failed to run custom build command for `pear_codegen v0.0.20`
Dec 01 04:35:50.508 INFO [stderr] process didn't exit successfully: `/target/debug/build/pear_codegen-545f8475d142af57/build-script-build` (exit code: 101)
Dec 01 04:35:50.508 INFO [stderr] --- stderr
Dec 01 04:35:50.508 INFO [stderr] [1;31mError:[0m [37mPear requires a nightly or dev version of Rust.[0m
Dec 01 04:35:50.508 INFO [stderr] [37mInstalled version is:[0m [33m1.31.0-beta.20 (2018-11-30)[0m. [37mMinimum required:[0m [33m1.30.0-nightly (2018-08-23)[0m.
Dec 01 04:35:50.508 INFO [stderr] thread 'main' panicked at 'Aborting compilation due to incompatible compiler.', /cargo-home/registry/src/github.com-1ecc6299db9ec823/pear_codegen-0.0.20/build.rs:31:13
Dec 01 04:35:50.508 INFO [stderr] stack backtrace:
Dec 01 04:35:50.508 INFO [stderr]    0:     0x558d1ed4127f - std::sys::unix::backtrace::tracing::imp::unwind_backtrace::h3a8b83e1922cbdde
Dec 01 04:35:50.508 INFO [stderr]                                at libstd/sys/unix/backtrace/tracing/gcc_s.rs:49
Dec 01 04:35:50.508 INFO [stderr]    1:     0x558d1ed4cc57 - std::sys_common::backtrace::print::h00d3155a29b4020f
Dec 01 04:35:50.508 INFO [stderr]                                at libstd/sys_common/backtrace.rs:71
Dec 01 04:35:50.508 INFO [stderr]                                at libstd/sys_common/backtrace.rs:59
Dec 01 04:35:50.508 INFO [stderr]    2:     0x558d1ed45b1f - std::panicking::default_hook::{{closure}}::hd7465c742e79e1bb
Dec 01 04:35:50.508 INFO [stderr]                                at libstd/panicking.rs:211
Dec 01 04:35:50.508 INFO [stderr]    3:     0x558d1ed45884 - std::panicking::default_hook::h9e3966f2aa2a6e12
Dec 01 04:35:50.508 INFO [stderr]                                at libstd/panicking.rs:227
Dec 01 04:35:50.508 INFO [stderr]    4:     0x558d1ed4614e - std::panicking::rust_panic_with_hook::h587f091ae747d080
Dec 01 04:35:50.508 INFO [stderr]                                at libstd/panicking.rs:476
Dec 01 04:35:50.508 INFO [stderr]    5:     0x558d1ed17cb3 - std::panicking::begin_panic::h4e3730271beb8b92
Dec 01 04:35:50.508 INFO [stderr]                                at libstd/panicking.rs:410
Dec 01 04:35:50.508 INFO [stderr]    6:     0x558d1ed15d78 - build_script_build::main::hd397855388fb565b
Dec 01 04:35:50.508 INFO [stderr]                                at /cargo-home/registry/src/github.com-1ecc6299db9ec823/pear_codegen-0.0.20/build.rs:31
Dec 01 04:35:50.508 INFO [stderr]    7:     0x558d1ed1859f - std::rt::lang_start::{{closure}}::h7b3193c265bb446b
Dec 01 04:35:50.508 INFO [stderr]                                at libstd/rt.rs:74
Dec 01 04:35:50.508 INFO [stderr]    8:     0x558d1ed45bc2 - std::panicking::try::do_call::h52e7f80ff0fdcc45
Dec 01 04:35:50.508 INFO [stderr]                                at libstd/rt.rs:59
Dec 01 04:35:50.508 INFO [stderr]                                at libstd/panicking.rs:310
Dec 01 04:35:50.508 INFO [stderr]    9:     0x558d1ed57c09 - __rust_maybe_catch_panic
Dec 01 04:35:50.508 INFO [stderr]                                at libpanic_unwind/lib.rs:102
Dec 01 04:35:50.508 INFO [stderr]   10:     0x558d1ed358da - std::rt::lang_start_internal::h38cae898de7f805c
Dec 01 04:35:50.508 INFO [stderr]                                at libstd/panicking.rs:289
Dec 01 04:35:50.508 INFO [stderr]                                at libstd/panic.rs:392
Dec 01 04:35:50.508 INFO [stderr]                                at libstd/rt.rs:58
Dec 01 04:35:50.508 INFO [stderr]   11:     0x558d1ed18578 - std::rt::lang_start::h40513075cbc2edc4
Dec 01 04:35:50.508 INFO [stderr]                                at libstd/rt.rs:74
Dec 01 04:35:50.508 INFO [stderr]   12:     0x558d1ed16c49 - main
Dec 01 04:35:50.508 INFO [stderr]   13:     0x7fc193ba382f - __libc_start_main
Dec 01 04:35:50.508 INFO [stderr]   14:     0x558d1ed15658 - _start
Dec 01 04:35:50.508 INFO [stderr]   15:                0x0 - <unknown>
Dec 01 04:35:50.508 INFO [stderr] 
Dec 01 04:35:50.508 INFO [stderr] warning: build failed, waiting for other jobs to finish...
Dec 01 04:35:50.523 INFO [stderr] error: failed to run custom build command for `rocket_codegen v0.3.17`
Dec 01 04:35:50.523 INFO [stderr] process didn't exit successfully: `/target/debug/build/rocket_codegen-3a54d251231151b7/build-script-build` (exit code: 101)
Dec 01 04:35:50.523 INFO [stderr] --- stderr
Dec 01 04:35:50.523 INFO [stderr] [1;31mError:[0m [37mRocket requires a nightly or dev version of Rust.[0m
Dec 01 04:35:50.523 INFO [stderr] [37mInstalled version is:[0m [33m1.31.0-beta.20 (2018-11-30)[0m. [37mMinimum required:[0m [33m1.30.0-nightly (2018-08-23)[0m.
Dec 01 04:35:50.523 INFO [stderr] [34mSee the getting started guide ([0m[37mhttps://rocket.rs/guide/getting-started/[0m[34m) for more information.[0m
Dec 01 04:35:50.523 INFO [stderr] thread 'main' panicked at 'Aborting compilation due to incompatible compiler.', /cargo-home/registry/src/github.com-1ecc6299db9ec823/rocket_codegen-0.3.17/build.rs:38:17
Dec 01 04:35:50.523 INFO [stderr] stack backtrace:
Dec 01 04:35:50.523 INFO [stderr]    0:     0x5611ecfd74af - std::sys::unix::backtrace::tracing::imp::unwind_backtrace::h3a8b83e1922cbdde
Dec 01 04:35:50.523 INFO [stderr]                                at libstd/sys/unix/backtrace/tracing/gcc_s.rs:49
Dec 01 04:35:50.523 INFO [stderr]    1:     0x5611ecfe2e87 - std::sys_common::backtrace::print::h00d3155a29b4020f
Dec 01 04:35:50.523 INFO [stderr]                                at libstd/sys_common/backtrace.rs:71
Dec 01 04:35:50.523 INFO [stderr]                                at libstd/sys_common/backtrace.rs:59
Dec 01 04:35:50.523 INFO [stderr]    2:     0x5611ecfdbd4f - std::panicking::default_hook::{{closure}}::hd7465c742e79e1bb
Dec 01 04:35:50.523 INFO [stderr]                                at libstd/panicking.rs:211
Dec 01 04:35:50.523 INFO [stderr]    3:     0x5611ecfdbab4 - std::panicking::default_hook::h9e3966f2aa2a6e12
Dec 01 04:35:50.523 INFO [stderr]                                at libstd/panicking.rs:227
Dec 01 04:35:50.523 INFO [stderr]    4:     0x5611ecfdc37e - std::panicking::rust_panic_with_hook::h587f091ae747d080
Dec 01 04:35:50.523 INFO [stderr]                                at libstd/panicking.rs:476
Dec 01 04:35:50.523 INFO [stderr]    5:     0x5611ecfadee3 - std::panicking::begin_panic::h3cdb33aadd4ba46c
Dec 01 04:35:50.523 INFO [stderr]                                at libstd/panicking.rs:410
Dec 01 04:35:50.523 INFO [stderr]    6:     0x5611ecfabfb4 - build_script_build::main::hf707b40a95e32645
Dec 01 04:35:50.523 INFO [stderr]                                at /cargo-home/registry/src/github.com-1ecc6299db9ec823/rocket_codegen-0.3.17/build.rs:38
Dec 01 04:35:50.523 INFO [stderr]    7:     0x5611ecfae7cf - std::rt::lang_start::{{closure}}::h6448f073247729bf
Dec 01 04:35:50.523 INFO [stderr]                                at libstd/rt.rs:74
Dec 01 04:35:50.523 INFO [stderr]    8:     0x5611ecfdbdf2 - std::panicking::try::do_call::h52e7f80ff0fdcc45
Dec 01 04:35:50.523 INFO [stderr]                                at libstd/rt.rs:59
Dec 01 04:35:50.523 INFO [stderr]                                at libstd/panicking.rs:310
Dec 01 04:35:50.523 INFO [stderr]    9:     0x5611ecfede39 - __rust_maybe_catch_panic
Dec 01 04:35:50.523 INFO [stderr]                                at libpanic_unwind/lib.rs:102
Dec 01 04:35:50.523 INFO [stderr]   10:     0x5611ecfcbb0a - std::rt::lang_start_internal::h38cae898de7f805c
Dec 01 04:35:50.523 INFO [stderr]                                at libstd/panicking.rs:289
Dec 01 04:35:50.523 INFO [stderr]                                at libstd/panic.rs:392
Dec 01 04:35:50.523 INFO [stderr]                                at libstd/rt.rs:58
Dec 01 04:35:50.523 INFO [stderr]   11:     0x5611ecfae7a8 - std::rt::lang_start::h3a7d4f3d64909f8d
Dec 01 04:35:50.523 INFO [stderr]                                at libstd/rt.rs:74
Dec 01 04:35:50.523 INFO [stderr]   12:     0x5611ecface79 - main
Dec 01 04:35:50.523 INFO [stderr]   13:     0x7fd4c03e982f - __libc_start_main
Dec 01 04:35:50.523 INFO [stderr]   14:     0x5611ecfab658 - _start
Dec 01 04:35:50.523 INFO [stderr]   15:                0x0 - <unknown>
Dec 01 04:35:50.523 INFO [stderr] 
Dec 01 04:35:50.523 INFO [stderr] warning: build failed, waiting for other jobs to finish...
Dec 01 04:35:50.562 INFO [stderr] error: failed to run custom build command for `rocket v0.3.17`
Dec 01 04:35:50.562 INFO [stderr] process didn't exit successfully: `/target/debug/build/rocket-6877f3be50dcc505/build-script-build` (exit code: 101)
Dec 01 04:35:50.562 INFO [stderr] --- stderr
Dec 01 04:35:50.562 INFO [stderr] [1;31mError:[0m [37mRocket requires a nightly or dev version of Rust.[0m
Dec 01 04:35:50.562 INFO [stderr] [37mInstalled version is:[0m [33m1.31.0-beta.20 (2018-11-30)[0m. [37mMinimum required:[0m [33m1.27.0-nightly (2018-04-26)[0m.
Dec 01 04:35:50.562 INFO [stderr] [34mSee the getting started guide ([0m[37mhttps://rocket.rs/guide/getting-started/[0m[34m) for more information.[0m
Dec 01 04:35:50.562 INFO [stderr] thread 'main' panicked at 'Aborting compilation due to incompatible compiler.', /cargo-home/registry/src/github.com-1ecc6299db9ec823/rocket-0.3.17/build.rs:38:13
Dec 01 04:35:50.562 INFO [stderr] stack backtrace:
Dec 01 04:35:50.562 INFO [stderr]    0:     0x55f8ffbc14bf - std::sys::unix::backtrace::tracing::imp::unwind_backtrace::h3a8b83e1922cbdde
Dec 01 04:35:50.562 INFO [stderr]                                at libstd/sys/unix/backtrace/tracing/gcc_s.rs:49
Dec 01 04:35:50.562 INFO [stderr]    1:     0x55f8ffbcce97 - std::sys_common::backtrace::print::h00d3155a29b4020f
Dec 01 04:35:50.562 INFO [stderr]                                at libstd/sys_common/backtrace.rs:71
Dec 01 04:35:50.562 INFO [stderr]                                at libstd/sys_common/backtrace.rs:59
Dec 01 04:35:50.562 INFO [stderr]    2:     0x55f8ffbc5d5f - std::panicking::default_hook::{{closure}}::hd7465c742e79e1bb
Dec 01 04:35:50.562 INFO [stderr]                                at libstd/panicking.rs:211
Dec 01 04:35:50.562 INFO [stderr]    3:     0x55f8ffbc5ac4 - std::panicking::default_hook::h9e3966f2aa2a6e12
Dec 01 04:35:50.562 INFO [stderr]                                at libstd/panicking.rs:227
Dec 01 04:35:50.562 INFO [stderr]    4:     0x55f8ffbc638e - std::panicking::rust_panic_with_hook::h587f091ae747d080
Dec 01 04:35:50.562 INFO [stderr]                                at libstd/panicking.rs:476
Dec 01 04:35:50.562 INFO [stderr]    5:     0x55f8ffb97ef3 - std::panicking::begin_panic::h23eecaef6526ec18
Dec 01 04:35:50.562 INFO [stderr]                                at libstd/panicking.rs:410
Dec 01 04:35:50.562 INFO [stderr]    6:     0x55f8ffb95fb5 - build_script_build::main::hf4a58592e5df52f0
Dec 01 04:35:50.562 INFO [stderr]                                at /cargo-home/registry/src/github.com-1ecc6299db9ec823/rocket-0.3.17/build.rs:38
Dec 01 04:35:50.563 INFO [stderr]    7:     0x55f8ffb987df - std::rt::lang_start::{{closure}}::hfed5074a970f8a15
Dec 01 04:35:50.563 INFO [stderr]                                at libstd/rt.rs:74
Dec 01 04:35:50.563 INFO [stderr]    8:     0x55f8ffbc5e02 - std::panicking::try::do_call::h52e7f80ff0fdcc45
Dec 01 04:35:50.563 INFO [stderr]                                at libstd/rt.rs:59
Dec 01 04:35:50.563 INFO [stderr]                                at libstd/panicking.rs:310
Dec 01 04:35:50.563 INFO [stderr]    9:     0x55f8ffbd7e49 - __rust_maybe_catch_panic
Dec 01 04:35:50.563 INFO [stderr]                                at libpanic_unwind/lib.rs:102
Dec 01 04:35:50.563 INFO [stderr]   10:     0x55f8ffbb5b1a - std::rt::lang_start_internal::h38cae898de7f805c
Dec 01 04:35:50.563 INFO [stderr]                                at libstd/panicking.rs:289
Dec 01 04:35:50.563 INFO [stderr]                                at libstd/panic.rs:392
Dec 01 04:35:50.563 INFO [stderr]                                at libstd/rt.rs:58
Dec 01 04:35:50.563 INFO [stderr]   11:     0x55f8ffb987b8 - std::rt::lang_start::h646c4981e0fa06cc
Dec 01 04:35:50.563 INFO [stderr]                                at libstd/rt.rs:74
Dec 01 04:35:50.563 INFO [stderr]   12:     0x55f8ffb96e89 - main
Dec 01 04:35:50.563 INFO [stderr]   13:     0x7f805d0f382f - __libc_start_main
Dec 01 04:35:50.563 INFO [stderr]   14:     0x55f8ffb95658 - _start
Dec 01 04:35:50.563 INFO [stderr]   15:                0x0 - <unknown>
Dec 01 04:35:50.563 INFO [stderr] 
Dec 01 04:35:50.563 INFO [stderr] warning: build failed, waiting for other jobs to finish...
Dec 01 04:36:02.123 INFO [stderr] error: build failed
Dec 01 04:36:02.126 INFO [stderr] su: No module specific data is present
Dec 01 04:36:03.531 INFO running `"docker" "inspect" "3386ba2efd6c39ec79db41e5ecc188520b5f7eac8d117f5b0f7be50df5938380"`
Dec 01 04:36:03.862 INFO running `"docker" "rm" "-f" "3386ba2efd6c39ec79db41e5ecc188520b5f7eac8d117f5b0f7be50df5938380"`
Dec 01 04:36:04.195 INFO [stdout] 3386ba2efd6c39ec79db41e5ecc188520b5f7eac8d117f5b0f7be50df5938380
